mainder when 36 is divided by s?
8
Let o be -5 + 140 + 1 + -6. Let h = -39 + o. Calculate the remainder when h is divided by 16.
11
Let u be 4*(-3 - (-2 + 0)). Let v(t) = -3*t**2 + 11*t + 26. Let b be v(u). Let g = b - -85. Calculate the remainder when 74 is divided by g.
17
Calculate the remainder when 1/(1/2) - (-34 - 4079) is divided by 147.
146
Suppose -16*k = -10*k. Suppose z - 3*w - 178 = k, z - 3*w = -2*w + 180. Suppose -z = -9*p - 19. Calculate the remainder when 25 is divided by p.
7
Let h(j) = -j**3 + 5*j**2 + 8*j - 43. Let n be h(4). Suppose 2*m = o - 45 + 82, 0 = -5*m - n*o + 130. Calculate the remainder when 520 is divided by m.
16
Let o = -204 + 214. Suppose -o*i = -298 - 692. Calculate the remainder when i is divided by 52.
47
Suppose -4*j = 3*k - 49, k - 2*j = 33 - 10. Let f = 43 + -23. Suppose f*n + 37 = 21*n. What is the remainder when n is divided by k?
18
Let y(a) = 28*a + 6. Let g(b) = b**3 + 12*b**2 + 9*b - 11. Let k be g(-11). Suppose 42 = k*x - 2. What is the remainder when y(x) is divided by 20?
18
Let j = -1547 + 1593. Calculate the remainder when 108 is divided by j.
16
Let t be ((-2)/3)/(2/654). Let h = -102 - t. Suppose h + 124 = 5*i. What is the remainder when i is divided by 25?
23
Suppose 4*n + 333 = 41*n. Suppose -w = 4 - n. Calculate the remainder when 11 is divided by w.
1
Let a(h) = 3*h**3 - 9*h**2 + 22*h - 94. Let o(y) = y**3 - 3*y**2 + 7*y - 32. Let d(w) = 4*a(w) - 11*o(w). Calculate the remainder when d(6) is divided by 31.
26
Suppose 0*v + 9 = -3*v. Suppose 11*m = -11*m + 220. Calculate the remainder when -13*6/9*v is divided by m.
6
Let a = 14823 - 12249. Calculate the remainder when a is divided by 41.
32
Let a be 168/(-56) - (-15 - (-1 + 1)). Suppose -40*v - a = -43*v. Calculate the remainder when 81 is divided by v.
1
Suppose -169*f + 34360 = -125986 - 58509. What is the remainder when f is divided by 54?
53
Let w(a) be the third derivative of a**5/60 + 3*a**4/8 + 25*a**3/6 + 2*a**2 + 6. Calculate the remainder when 169 is divided by w(-10).
29
Suppose 0 = 3*l, -3*p - 2*p + 2*l = -100. Let q(b) = 913*b - 62883. What is the remainder when q(69) is divided by p?
14
Suppose -26*k + 458220 + 296794 = 0. Calculate the remainder when 3/4 + k/284 is divided by 29.
16
Let g(a) = 63*a + 2. Let y = -122633 - -122662. What is the remainder when g(4) is divided by y?
22
Let r be 147/63 - (-4)/6. Suppose -j - 18 = -r*a, -3*j - 30 = -5*a - 2*j. What is the remainder when ((-9)/(-2))/((-4)/(-24)) is divided by a?
3
Suppose 16 = 2*m - a, 5*a - 25 = -4*m + 7. Suppose m*s = 148 + 12. Let u = -4 - -12. Calculate the remainder when s is divided by u.
4
Let c(g) = 11*g**2 + 30. Let m(i) = -34*i**3 - i**2 - 3*i - 3. What is the remainder when c(6) is divided by m(-1)?
30
Suppose 0 = 4*z + 21*z + 834 - 3509. Calculate the remainder when 383 is divided by z.
62
Let n = 131 + -113. Let p = 5540 - 5483. Calculate the remainder when p is divided by n.
3
Suppose -24 = 4*p, -5*t - 75*p = -72*p - 17. What is the remainder when 187 is divided by t?
5
Suppose 192 = 4*b - 5*j - 725, -5*b - 5*j = -1135. Suppose -7*g + 80 = -b. Calculate the remainder when g is divided by 4.
0
What is the remainder when 100 + 4/(2/(-1)) is divided by 932 + -897 - (11 + -1)?
23
Calculate the remainder when (270/3 + 7)*6 is divided by 39.
36
Suppose -10 = -4*k - 2, -5*x - 36 = 2*k. Let u(d) = 8*d + 47. Let i be u(x). What is the remainder when 62 is divided by i/(-1) - (3 - 2)?
14
Suppose 4*t + 5*l = 52, -3*t - 4*l - l = -34. Suppose -k = -r - 411, 5*k - 1907 = -4*r + 166. What is the remainder when k is divided by t?
17
Let u = -4 + 8. Suppose -5*b + 2*n = -6 - 6, -2*b - 8 = -u*n. Let w(a) = 52299*a - 156886. Calculate the remainder when w(3) is divided by b.
3
Let d(j) = -j**3 - 14*j**2 - 27*j + 102. What is the remainder when d(-13) is divided by 137?
10
Let n = 88 - 51. Let m(k) = k**2 + 179*k - 2085. Let u be m(11). Let v = n - u. What is the remainder when v is divided by 9?
5
Let d(t) = 78*t - 8. Let f(j) = -3*j + 1. Let q(o) = d(o) - 3*f(o). Calculate the remainder when q(2) is divided by 55.
53
Let p(o) = 3*o**2 + 335*o + 354. What is the remainder when 408 is divided by p(-111)?
12
Let k(p) = p**3 + 4*p**2 - 6*p + 7. Let b be (-6)/2 - (-18 + 9). Suppose 0 = b*a - 8*a + 46. Calculate the remainder when a is divided by k(-5).
11
Suppose 2*t = 5*w - 100 - 40, -3*t - 15 = 0. Calculate the remainder when 3816 is divided by w.
20
Suppose 5*u + t + 1012 - 2489 = 0, -2*t + 586 = 2*u. What is the remainder when u is divided by 82?
50
Let a(z) = -69*z + 939. Calculate the remainder when 789 is divided by a(13).
33
Suppose -4*g = -2*b + 2, g + 0*b = -b - 8. Let a = g + 42. Let y(w) = 10*w**3 + 151*w**2 + 15*w + 10. What is the remainder when a is divided by y(-15)?
9
Let b(h) be the second derivative of h**5/20 + 13*h**4/12 - h**3/6 + 7*h**2/2 - h. Let t = 85 - -12. Calculate the remainder when t is divided by b(-13).
17
What is the remainder when 146 is divided by (0 + -41)*(17 - 18)?
23
Suppose i = -524 + 557. What is the remainder when (318/(-10))/((-4)/20) is divided by i?
27
Let c(d) be the first derivative of d**3/3 - 5*d**2/2 + 25. What is the remainder when 112 is divided by c(-3)?
16
Let q(n) = 8*n + 7. What is the remainder when (-2)/7 + 11088/49 + 3 + 52/13 is divided by q(5)?
45
Let i(l) = 9*l + 20. Suppose 19*z + 2 = 2. What is the remainder when 396 is divided by i(z)?
16
Suppose -54811 - 41130 - 25511 = -174*i. What is the remainder when 700 is divided by i?
2
Let s(i) = i**2 - 12*i + 12. Let a(w) = -w**3 - 11*w**2 - 10*w + 10. Let u be a(-10). Suppose u*c - 60 = 5*c. What is the remainder when 46 is divided by s(c)?
10
Let s = 144 - 133. Calculate the remainder when 85 is divided by -2 + s - (-12)/(-18)*6.
0
Let t = -65 + 88. Let w be 129/(-9)*(3 - 6). Suppose -w = 2*c - 131. What is the remainder when c is divided by t?
21
Let h = 3441 + -2799. Calculate the remainder when h is divided by 107.
0
Suppose -18*g - 16*g - 34 = 0. Let r = 56 + g. Suppose -f + 17 = -2. Calculate the remainder when r is divided by f.
17
Calculate the remainder when 272/(-3264) + 1309/12 is divided by 55.
54
Let u(s) = 3*s**2 + 17*s - 5. Let l = 355 - 312. What is the remainder when u(-11) is divided by l?
42
Calculate the remainder when (34/(-1190)*14)/((-2)/5870) is divided by 386.
16
Let a = -434 + 463. Suppose a*g = -381 + 932. What is the remainder when 338 is divided by g?
15
Let u = 1840 - 1357. Calculate the remainder when u is divided by 44.
43
Let r(u) = -u**3 + 29*u**2 + 216*u + 83. Calculate the remainder when r(35) is divided by 14.
13
Let y(h) = h**3 - 4*h**2 - 6*h + 14. Suppose 45 = 13*j - 46. Calculate the remainder when y(j) is divided by 25.
19
Suppose -2*z - 4*o + 820 = -288, -1110 = -2*z - 3*o. What is the remainder when z is divided by 56?
54
Let n = 2728 - 2716. What is the remainder when 46 is divided by n?
10
Suppose 1025 = -52*o + 201*o + 56*o. Calculate the remainder when 1898 is divided by o.
3
Suppose 3*h = -3*m - 0*h + 351, 2*h = 0. Calculate the remainder when m is divided by 63 - (2 + 1/1).
57
Let x(b) = 6*b**2 - 2*b - 1. Suppose 5*r - 13 = 4*r. Suppose 4*k = 5 - r. Calculate the remainder when 78 is divided by x(k).
24
Calculate the remainder when (-1)/(1 - 4*1)*(-129 + 1755) is divided by 182.
178
Let g = -9542 - -9553. What is the remainder when 21733 is divided by g?
8
Let d(x) = -64 - 19*x**2 + 7*x**2 + 10*x**2 + 23*x + x**2. Calculate the remainder when d(12) is divided by 13.
3
Suppose 0 = 21449*b - 21424*b - 875. What is the remainder when b is divided by (-14)/49 + 102/14?
0
Suppose 2*c + a - 112 = 0, -3*a = 5*c - 0*a - 278. What is the remainder when 1791 is divided by c?
51
Suppose -4*w = 2*a - 446, 5*w - 495 = -2*a + 63. Suppose 18*o = 26*o - w. Calculate the remainder when o is divided by 9.
5
Suppose -307*a + 304*a = 4*z - 3373, 2*a = -2. What is the remainder when z is divided by 821?
23
Let t(n) = -82*n - 3185. What is the remainder when 358 is divided by t(-39)?
7
Let n(y) = -y**3 - 27*y**2 - 60*y - 81. Calculate the remainder when n(-30) is divided by 134.
131
Let m(r) = 12*r**2 + 9*r - 7. Let l be m(3). Suppose l*g - 117*g = 121. What is the remainder when g is divided by 2?
1
Suppose 20 = 12*i - 8*i, 6*i = 